 y)*-223 a composite number?
False
Is (-3008)/(-52) - 10/(-65) composite?
True
Let a(y) = -y**2 + 7*y. Let q be a(7). Suppose q*n = 3*h - 3*n - 249, -5*n + 350 = 4*h. Is h prime?
False
Let u(g) = 92*g**2 + 29. Is u(5) prime?
False
Let k be 3 + 1 + 1*-2. Suppose k*q + 1 = -5. Is 2*41 - (q - -2) prime?
True
Let j = 191 + -93. Suppose 0 = -5*h + j + 177. Is h a composite number?
True
Let j(w) be the second derivative of w**3/6 - w**2/2 + w. Let y(h) = 5*h + 45. Let t(f) = -4*j(f) + y(f). Is t(0) a composite number?
True
Let a(b) = 2*b**3 - 8*b**2 + 4*b + 6. Let p be a(5). Let i = 3 + 0. Suppose i*x = -x + p. Is x a composite number?
False
Suppose -4*n - 38 + 344 = -2*c, -2*c - 227 = -3*n. Is n prime?
True
Let s be 426/(-12) + 1/2. Let a = s + 61. Is a a prime number?
False
Let n = 284 + -183. Let b = n + -18. Let f = -48 + b. Is f a prime number?
False
Suppose -5*p + 9514 = -3*f, -4*p + 3*f = 6*f - 7595. Is p prime?
True
Suppose -5*i - 302 = -2*j, -4*j - 176 = -0*i + 3*i. Let s = i - -155. Is s composite?
True
Let a(j) = -j**3 + 3*j**2 + j + 3. Let u(c) = -c**3 - 8*c**2 + 2*c + 12. Let g be u(-8). Is a(g) composite?
True
Let i(p) = p**3 - 4*p**2 - 11*p - 3. Let u be i(6). Suppose -5*m = -y + 69, 3*y - 2*m = -u*m + 143. Is y a prime number?
False
Let d(t) = 5*t**3 - 3*t**2 + 5*t + 3. Suppose -3*r + 4*r + 4*g = -15, 9 = 2*r - 5*g. Let k be d(r). Let j = 251 + k. Is j composite?
True
Let i(c) = -114*c**3 - 2*c**2 + 3*c + 3. Is i(-2) a composite number?
True
Let w(x) = 6*x - 5*x + 96*x**2 + 84*x**2. Is w(1) a composite number?
False
Let f(r) = -19*r + 8. Is f(-9) prime?
True
Suppose -v + 1386 = 4*o + 107, 4*v = o - 324. Suppose 5*p + 728 = 3*i, 4*p = i - 268 - o. Is ((-2)/(-4))/((-2)/p) composite?
False
Suppose 2*s + 1365 = -2*j + 477, 5*j + 2220 = 2*s. Let t = 626 + j. Let h = t - 21. Is h prime?
False
Suppose 300 = 3*g + 3*z, 5*z - 382 = -4*g + 15. Is g a composite number?
False
Let n = -426 + 631. Is n a prime number?
False
Let g(z) = -2*z - 6. Let a be g(-4). Suppose a*o + 0*b + 4*b + 12 = 0, -5*b - 15 = 3*o. Suppose o = 2*u + 3*u - 175. Is u composite?
True
Suppose 5*f = 2*c + 36, 2*f = 3*f - 4*c - 18. Suppose -3*h = 5*t - 11, 0 = -3*t - 4*h + 2*h + f. Is 2 - (t + -2 - 77) prime?
False
Let w(v) = -v**3 - 5*v**2 - 2*v - 7. Let h(g) be the third derivative of g**6/24 - g**5/60 - g**4/24 - 2*g**2. Let q be h(-1). Is w(q) a prime number?
True
Suppose x = -2*b - 5, -2*b - 3*b + 4*x + 7 = 0. Let q = 2 + b. Is -2 + 34 - q/1 a composite number?
False
Let l(a) = -4 + 0*a - 4 - 2*a**2 + a**2 + 6*a. Let t be l(7). Let m = 36 + t. Is m composite?
True
Suppose 4*i + 4*g = 2*g + 898, 0 = g - 1. Suppose 5*z + i = 619. Is z a composite number?
False
Suppose 2*j = -2*j - 8. Is -278*(1 + 3/j) composite?
False
Let f be (-2)/10 + 56/5. Let h = f - 8. Suppose -69 = -3*p - 2*o, -h*o = -p - 3 + 15. Is p a composite number?
True
Let g = 142 + -81. Let d = 93 - g. Suppose 2*c - d = 146. Is c a composite number?
False
Let t(h) = 2*h. Let i be t(-2). Is i + (-2)/((-8)/1580) a prime number?
False
Let k = 2 - 7. Let d(b) = b**2 + 5*b + 3. Let a be d(k). Suppose -a*l + 27 = 9. Is l a composite number?
True
Suppose -s + 8 = -3*z - 3, 14 = -4*z + s. Let a = 22 + z. Is a a composite number?
False
Is (-3 - -2)*(-196 - 3) prime?
True
Let w be 11/3 + (-10)/15. Suppose 0 = w*o + o + 8. Is 6 - (o - (2 - 3)) composite?
False
Let p = -1030 - -1469. Is p prime?
True
Is ((-1)/(-4))/((-11)/44)*-11057 composite?
False
Let w(r) = -r - 4. Let m be w(-8). Suppose m*i = 142 + 62. Is i a composite number?
True
Is 2 - (1/3 + (-3438)/27) a composite number?
True
Suppose -i = -3*x + 13, 4*x - 16 = -0*x + i. Is 200/5 - 1*x a prime number?
True
Let j(t) be the first derivative of -5*t**3/3 + 37*t**2/2 - 37*t - 1. Let h(x) = x**2 - 9*x + 9. Let k(m) = 9*h(m) + 2*j(m). Is k(-7) a composite number?
False
Suppose -f + 5*t = -3*f + 32, 4*f + 5*t - 54 = 0. Let r = f - 5. Is r a prime number?
False
Suppose 2*b + 3*i - 21 = -b, -4*b + 5*i + 10 = 0. Suppose b*v - 6*z + z = 1310, -5*z + 1003 = 4*v. Is v composite?
False
Let a(f) = 12*f - 1. Let j(o) = 2*o - 3. Let i be j(8). Let d(t) = -25*t + 2. Let w(v) = i*a(v) + 6*d(v). Is w(2) composite?
False
Let r(g) = 10*g - 6. Let s(m) = -11*m + 7. Let d(c) = 6*r(c) + 5*s(c). Is d(4) a prime number?
True
Let w be (6*2)/((-2)/(-18)). Let v = -51 - -106. Let n = w - v. Is n a composite number?
False
Suppose 4*t - 666 + 136 = -2*g, -t + 125 = -2*g. Is t prime?
True
Suppose 4*i = 2*i + 64. Let t be 15/(9/(-6) + 3). Let l = i - t. Is l a composite number?
True
Is (-1)/(-3) - (-103392)/54 prime?
False
Is 2 + (4 + 0 - -301) a composite number?
False
Suppose -2*o + 4*u - 3*u = -1883, -u - 944 = -o. Is o composite?
True
Suppose -385 = f + 6*u - 3*u, 2*f = 3*u - 806. Let t = -94 - f. Is t a prime number?
False
Suppose 4*v = -247 + 8655. Is v a prime number?
False
Suppose -494 + 59 = -3*k. Is k a composite number?
True
Let d = -4907 - -9006. Is d a composite number?
False
Let a(q) = q**3 + 3 + 2 + 12*q**2 - 2*q**3 - 5*q**2 + 7*q. Is a(6) composite?
False
Is 340 + (-6)/2 - 2 a composite number?
True
Let j = 94 + -43. Is j prime?
False
Let q = -282 + 581. Is q a prime number?
False
Let x(k) = -17*k + 13. Is x(-8) a prime number?
True
Let k(x) = x**3 + 14*x**2 - 23*x - 11. Is k(-15) a composite number?
False
Let d = -8870 + 12663. Is d a composite number?
False
Let n = -202 + 294. Let l be (1 - 4) + 3 + 3. Suppose -73 = -l*b + n. Is b a composite number?
True
Let w = -40 + 23. Let h = -23 + -1. Let z = w - h. Is z a composite number?
False
Let i = -22 + 47. Is i composite?
True
Let s(t) = 19*t**2 - 4*t + 2. Is s(-3) prime?
False
Suppose -5*q - 2*r = -49, -3*q + 6 + 15 = -3*r. Let u be 111*(0 - (-15)/q). Suppose -200 = -5*l + u. Is l composite?
True
Let t = -52 + 121. Let d be 1/((-3)/(t*1)). Let w = 60 + d. Is w a composite number?
False
Let s be 0 + 4/(12/255). Suppose -4*q + 3*i + 77 = 4, s = 5*q - 5*i. Is q prime?
False
Suppose -9 = -l + 1. Let n(g) = 2*g + g**3 - l - 3*g - g**2 + 47. Is n(0) a composite number?
False
Let h = 6 + -4. Suppose -6*p + 4*p + 8 = 0. Suppose 370 = -h*a + p*a. Is a prime?
False
Suppose -5*n = -5*a + 20, 0 = 5*a - 0*a - 25. Is (-4)/((-12)/231)*n prime?
False
Let l(r) = r + 2. Let n be l(-2). Suppose 4*j + n*a - 3*a - 232 = 0, 2*j = 4*a + 126. Is j prime?
False
Let k = -100 + 333. Is k a composite number?
False
Let m = 11 - 7. Suppose m*t - 2*x - 463 = -3*x, -451 = -4*t + 3*x. Is t prime?
False
Let k = 85 - 54. Is k a composite number?
False
Let f(s) = -s**3 + 9*s**2 - 9*s + 9. Let n be f(8). Let c be n/(-3) + (-74)/(-6). Is 54/c*68/6 a prime number?
False
Let m(w) be the second derivative of -5*w**3/6 - 11*w**2/2 - w. Is m(-6) prime?
True
Suppose -140 = 2*f - 7*f - k, 0 = -3*k + 15. Let g = f + -9. Suppose n = g + 1. Is n a prime number?
True
Suppose f - 7 = 2*x + 4, -4*f + 31 = 5*x. Let s be (12/f)/(2/543). Suppose s = 4*q - 986. Is q composite?
False
Let u = 64 + 226. Let w = -201 + u. Is w a prime number?
True
Is (-2 - 2) + (19 - 9) a prime number?
False
Suppose 0 = -4*y - 3*d + 4*d + 240, y - 2*d = 67. Is y composite?
False
Let u(d) be the third derivative of -d**6/120 + d**5/15 - d**4/4 - 2*d**2. Let a be u(-5). Suppose 2*t + 3*t - a = 0. Is t a prime number?
False
Suppose 28*k = 24*k + 10876. Is k a composite number?
False
Is 3*706*2/12 a prime number?
True
Suppose 1 = 4*s + 5, -3*k = -5*s - 638. Is k composite?
False
Let s be 3/(-5) + 26/10. Suppose -3*v + s*u = 721, -v + u = -0*v + 242. Is (-8)/20 - v/5 a prime number?
True
Let w(k) = -2*k - 8. Is w(-5) a prime number?
True
Let v(q) = q - 3. Let w be v(5). Let k(h) = -4 + 5*h**2 + 2*h**w - 1 + 0 + 5*h. Is k(4) a composite number?
False
Let i(n) = 4*n - 2. Let k be i(2). Is 7221/39 + k/(-39) composite?
True
Let x(s) = -4*s**3 + 2*s**2 + s. Let j be ((-6)/(-9))/(2/(-3)). Let b be x(j). Suppose -1 = -y + b. Is y a prime number?
False
Suppose -2 = -2*y + 2*h, y + h = -4*y + 35. Is y a composite number?
True
Let m be (-4912)/(-20) - 4/(-10). Let d = m + -167. Is d a composite number?
False
Let y = -285 + 814. Is y composite?
True
Let k = 6455 + 1192. Is k prime?
False
Let z(v) = -7*v**3 + 9*v**2 + 2*v + 4. Let a(k) = 3*k**3 - 4*k**2 - k - 2. Let o(f) = 5*a(f) + 2*z(f). Suppose y = -4*y + 20. I